
Suppose -3*j + 16 = j + 4*z, 5*j - 4*z - 2 = 0. Suppose 3*a + 4 = j*i, 5*i - 12 = 4*a + 5. Suppose 0 = a*x + x - 36. What is the tens digit of x?
1
Let s(k) = 2*k**2 + 4*k + 2. Let d be s(-3). Let b = 29 + -27. Suppose -m - b = 1, t + d = -5*m. What is the units digit of t?
7
Let q = -12 + 22. Suppose -3*k + 9 = 2*h - q, -2*k + 16 = 3*h. Suppose -19 - 1 = -k*b, -2*b + 18 = s. What is the tens digit of s?
1
Suppose 3*x - 192 = 114. What is the hundreds digit of x?
1
Suppose -3*n + 231 = -5*w, 4*n + 79 = -4*w + 419. What is the tens digit of n?
8
Let w(j) = j + 45. Let l(s) = -9. Suppose -h + 6 = 2*h. Let n(q) = h*w(q) + 11*l(q). What is the units digit of n(7)?
5
Let k be (-2 - 1)/(6/(-4)). Suppose k*h = 3*h - 8. What is the units digit of h?
8
Let i(r) = 2*r**2 - 2*r - 1. Let x be (8/6)/(6/(-9)). What is the tens digit of i(x)?
1
Let h = 186 + -130. What is the tens digit of h?
5
Suppose -16 + 258 = 2*l - 5*i, -i = 2*l - 242. What is the units digit of l?
1
Suppose -1 = -3*o + 20. Let j(h) = h**3 - 7*h**2 + 2*h - 8. What is the units digit of j(o)?
6
Let v = 25 - 10. What is the tens digit of v?
1
Let k = -27 - -19. Let f = 26 - k. What is the units digit of f?
4
Let d be (18/(-21))/((-1)/(-7)). Let i(q) = -2*q - 8. Let u be i(d). What is the units digit of (1 - -5)*u/8?
3
What is the tens digit of ((-544)/48)/(-1*1/12)?
3
Let t(a) = -a**2 + 5*a + 1. Let i be t(6). Let j be (-1 + 2)/((-1)/i). Suppose j - 1 = 4*y. What is the units digit of y?
1
Let p(g) = 2*g + 4. Let c be p(-4). What is the units digit of 54/(-9)*c/3?
8
Let w = -15 + 19. Suppose 9 = h - 5*q, 0 = -h + q - w*q + 25. What is the tens digit of h?
1
Let i(v) = -2*v + 12. What is the units digit of i(4)?
4
Suppose -2*q - 2*q = -672. What is the units digit of q?
8
Suppose v = -0*v - 4. Let k = 5 - v. Suppose -2*t = -k - 17. What is the tens digit of t?
1
Let g(c) be the third derivative of c**5/60 + 5*c**4/12 + 5*c**3/6 + 4*c**2. What is the units digit of g(-10)?
5
Let k = 78 + 46. Suppose 0*r - 4*a = 4*r - 232, 0 = -2*r + 2*a + k. Suppose 6*h - h = r. What is the units digit of h?
2
Suppose 0 = -3*x - 5*n + 12, -5*x - 7 = -n + 1. Let r be 4 - (x + (2 - 0)). Suppose -c + 1 - 2 = s, 2*s = r*c + 13. What is the units digit of s?
2
Let k be 24/14*(-21)/(-2). Suppose -c - 2 = -5*w + 1, -3*c - 9 = 0. Let u = w + k. What is the units digit of u?
8
Suppose -3*l + 2 = -7. What is the units digit of ((-1)/(-3))/(l/18)?
2
Suppose -3*h + 5*h - 2*t - 34 = 0, -5*h - 3*t + 109 = 0. What is the tens digit of h?
2
Suppose -138 = -6*f + 3*f + g, 0 = 4*f - 4*g - 192. What is the tens digit of f?
4
Suppose 2*p + 44 = 12. Let r = p - -26. What is the units digit of r?
0
Let s = 42 - 195. What is the units digit of (4/12)/((-3)/s)?
7
Let o = 643 + -372. What is the units digit of o?
1
Let o(c) = -5*c - 5. Let w be o(-7). Suppose -2*d - 2 + w = 0. What is the tens digit of d?
1
What is the units digit of (-4)/(-22) + (-3528)/(-77)?
6
Let z be 1*(2 - 3)*13. Let u = -9 - z. What is the units digit of u?
4
Let b = -3 + 8. Let a = 11 - b. What is the units digit of 81/a*(-2)/(-3)?
9
Suppose 0 = 5*h - 36 - 59. Let x be (1 - (-1 + 2)) + h. What is the units digit of x/3 - 2/6?
6
Suppose -3*d = 3*u - 326 + 29, 2*u - 228 = 4*d. What is the units digit of u?
4
Suppose -n - 4*a - 340 = -6*n, 0 = 3*n + a - 221. What is the tens digit of n?
7
Let x = -17 - -7. Let t = 36 + x. What is the units digit of t?
6
Suppose 4*r = 457 - 141. What is the units digit of r?
9
Let v(g) = -g**3 - 4*g**2 + 2*g + 4. Suppose 7 - 27 = 3*o - 5*s, o - 4*s = -9. What is the tens digit of v(o)?
1
Let x = 59 - 19. What is the tens digit of x?
4
Let x be (-5)/(-15)*(8 + 1). Suppose d + 7 - 29 = 2*p, x*d - 66 = -2*p. Let r = 33 - d. What is the tens digit of r?
1
Let x(f) = f**3 - 2*f**2 - 4*f + 5. Let o be x(4). Suppose 0 = -2*b - b + o. What is the units digit of b?
7
Suppose 82 = 5*u - 28. Let w = 37 - u. What is the tens digit of w?
1
Let l be (2/4)/((-6)/(-312)). Suppose 4 = 3*m - l. What is the units digit of m?
0
Suppose 0 = 2*s + 3*q + 13 + 6, -5*s - 3*q = 43. Let k = 12 - 1. What is the units digit of (-4)/(s/k)*2?
1
Let p(n) = 11*n - 3. Suppose -3*v + 4*z - 14 = 0, -5*v + z + 30 = 5*z. Let r be p(v). Suppose 2*j - r + 7 = 0. What is the units digit of j?
6
Let r = -7 - -9. Let w be (-1 + r)*(0 - -2). Suppose -b = -3*p + w*b + 60, 55 = 3*p - 2*b. What is the units digit of p?
5
Let n = 194 - 102. What is the units digit of n?
2
Let j be (-22)/(-3) + 3/(-9). Let u = 13 - j. What is the units digit of u?
6
Suppose -13 = -4*s + 167. What is the units digit of s?
5
Let z(p) = -10*p. Let t be z(-5). Suppose 2*r + 3*r = t. What is the tens digit of r?
1
Suppose 5*j = 761 + 9. What is the hundreds digit of j?
1
Suppose 3*g - 9 = 3. Suppose -g = 5*v + 4*n, -n + 0 = 3*v + 8. What is the units digit of (-210)/(-49) + v/14?
4
What is the tens digit of (4 - 3)*-1 + 284/2?
4
Suppose -5*l + 12 = -l. Suppose -2*y - l*y + 25 = 0. What is the units digit of y?
5
Suppose 5*u - 7 = 8. Let y = 1 + u. What is the units digit of y?
4
Suppose 17 = -4*q - 7. Let z = 8 + q. Let l = 3 + z. What is the units digit of l?
5
Let v be (-8)/6*(2 + -5). Suppose v*b = 23 + 17. What is the units digit of 10/(-3)*(-12)/b?
4
What is the tens digit of 185 + (3 + 1 - 6)?
8
Suppose 2*r = r + 4. Let t be (-6)/(-39) - 89/(-13). Let s = t - r. What is the units digit of s?
3
Suppose 2*d - 10 - 6 = -2*c, 5*d - 30 = -4*c. What is the units digit of c?
0
Let l = -70 + 5. Let a be (16/(-20))/((-2)/l). What is the tens digit of 1/(76/a - -3)?
1
Let h = -63 + 66. What is the units digit of h?
3
Let v = -36 - -64. Suppose -4*m = -0*m - 3*l + 30, 4*m + v = 2*l. What is the units digit of 70/6 + m/(-18)?
2
Let j = -3 + 8. Let p(k) = -k**3 + 5*k**2 + 2*k + 3. What is the tens digit of p(j)?
1
Suppose 0 = i + 2*o + 1 - 9, -4*o - 40 = -5*i. Suppose i*y - 5*y = 57. What is the units digit of y?
9
What is the units digit of 74 - (-4)/(-12)*(2 + -8)?
6
What is the units digit of 7540/39*12/10?
2
Let v = 553 - 393. What is the tens digit of v?
6
Suppose u - 4*v = 5, 4*u - u - 15 = -3*v. Let c = u + 11. What is the tens digit of c?
1
Let x be 9/6*(4 - 2). Suppose x*n = 8*n - 95. What is the tens digit of n?
1
Let s(z) = 2*z**2 + 3*z - 1. Let q be s(-3). Suppose -f + 5*w = -19, 5*w = -3*f + q*f - 95. What is the tens digit of f?
1
Let z = -6 - -4. Let t(a) = -a**3 + 3*a - a**3 + a + a**3 + 2*a**2 + 3. What is the tens digit of t(z)?
1
Let g be 2*9 + 2/1. Suppose -2*p + g = 3*p. Suppose 3*w + i = 5, p*w - 12 = i - 3. What is the units digit of w?
2
Suppose 5*y = -2*u + 62, -6*y - 124 = -4*u - 4*y. Suppose 4*o - 13 = u. What is the tens digit of o?
1
Let b(u) = 131*u**3 - u**2 + u - 1. What is the hundreds digit of b(1)?
1
Let g(s) = -4*s - 14. Let q(o) = 5*o + 13. Let r(a) = -4*g(a) - 3*q(a). What is the tens digit of r(8)?
2
Let n(m) = -m + 12. Let k be n(14). What is the units digit of (-1101)/(-27) + k/(-9)?
1
Suppose -162 - 138 = -5*c. What is the tens digit of c?
6
Let g be (4/(-6))/((-3)/18). Let x be (-2)/(-3)*15/(-10). Let f = g + x. What is the units digit of f?
3
Let k = 11 + 51. What is the tens digit of k?
6
What is the hundreds digit of (-207)/(3/(-3)) - 0?
2
Let p(g) = -97*g - 6. What is the units digit of p(-3)?
5
Suppose 2*p = -5*b + 492, 0*b - 5*b = 0. Suppose 8*v - 2*v = p. What is the tens digit of v?
4
Let n = -3 + 2. What is the tens digit of ((-63)/(-6)*-4)/n?
4
Suppose 2*b = -0*a + 3*a - 446, -b + 309 = 2*a. What is the hundreds digit of a?
1
Suppose 60 = 13*h - 8*h. What is the units digit of h?
2
Let p = -8 - -13. Suppose 4*u - 6 = -2*r + 22, 4*r = p*u - 9. Suppose -3*j - r*m = -2, 2*j - 3*m + 12 = 6*j. What is the units digit of j?
6
Suppose -3*s = -0*f + 2*f - 18, -2*f + s + 26 = 0. What is the tens digit of f?
1
Suppose -4*w = 3*s - 44, -5*w - 2 = -5*s - 22. Let i(b) = b**2 - 9*b + 8. Let v be i(w). Suppose -2*o = 10, -f - 5*o = -v*f + 20. What is the units digit of f?
5
Let q = -499 + 712. What is the units digit of q?
3
Let a(c) = 10*c**2 - 2*c + 2*c**3 + 2 - c**3 - 2*c + 0. What is the tens digit of a(-10)?
4
Let w = 24 - 14. Let h = w + -2. What is the units digit of h?
8
Let d be (-8)/(-32) - 46/(-8). Suppose i + 2*s - d = 0, 4 = 3*s + 7. What is the un